 is the remainder when 14 is divided by f(w)?
6
Let q = 72 + -51. Calculate the remainder when 81 is divided by q.
18
What is the remainder when 42 is divided by (-1)/5 - 224/(-20)?
9
Suppose -31*i + 87 = -28*i. Calculate the remainder when i is divided by 3 + -2 + -2 + 17.
13
Suppose 5*q = 5*b - 2 + 52, 3*b + 6 = -q. Let c = q - 4. Suppose c*v - 152 = -2*v. Calculate the remainder when v is divided by 13.
12
Let a(t) = t**2 - 2*t - 1. What is the remainder when a(-4) is divided by (-92)/(-12) + 1/3?
7
Suppose -4*q - 80 = -5*f, f + 0 = -4*q + 16. Calculate the remainder when 45 + ((-2)/(-4))/((-2)/(-4)) is divided by f.
14
Let f(n) = n + 4. Let g = -9 - -15. Calculate the remainder when f(g) is divided by 4.
2
Suppose 4*w = 5*t - 0*t + 89, -3*w - 2*t = -38. Let n = 59 - 26. Suppose -4*g + 28 = -2*i, 3*i + n = -0*g + 5*g. What is the remainder when w is divided by g?
7
Suppose x = -14 + 85. Suppose -5*h = -b + 54, -3*b + 3*h + 65 + 133 = 0. Calculate the remainder when b is divided by (-2)/(-8) + x/4.
15
Suppose 4*l + 3*b + 1 = 0, -3*l - 3*b = -0*l + 3. Calculate the remainder when l is divided by 2.
0
Let k = 11 - -16. What is the remainder when k is divided by 5?
2
Let b(m) = -m**2 - 9*m - 1. Calculate the remainder when 103 is divided by b(-2).
12
What is the remainder when 48 is divided by 3*(3 - (-68)/12)?
22
Let i(b) = b**2 - 5*b - 2. Let k be i(6). Let f = k - 4. Suppose -3*s + 37 = -f*s - 5*d, -3*d = -5*s + 51. What is the remainder when 15 is divided by s?
6
Let m(n) = 3*n - 9. What is the remainder when (4 - 4 - 2)/(2/(-26)) is divided by m(6)?
8
Suppose 6*l - 53 - 13 = 0. What is the remainder when 24 is divided by l?
2
Let s(x) be the third derivative of x**6/120 + x**5/10 - 5*x**4/12 + x**3/3 + x**2. Let z be 520/(-70) + 6/14. What is the remainder when s(z) is divided by 12?
11
Let f(k) = -k**3 + 10*k**2 - 8*k + 7. Let n = -12 - -21. Calculate the remainder when 46 is divided by f(n).
14
Calculate the remainder when 86 is divided by (-2)/(-3) + (-192)/(-9).
20
Suppose 3*s - 22 = 2*s. Calculate the remainder when 65 is divided by s.
21
Calculate the remainder when 12 is divided by -76*3/(-30) - (-6)/15.
4
Let y = -6 - -8. Let n = -1 + 3. What is the remainder when n is divided by y?
0
Let t(h) = -h + 14. What is the remainder when 19 is divided by t(7)?
5
Suppose a + 2*a - 21 = -5*c, -5*c = 4*a - 23. Suppose z = a*z - 57. Suppose -3*n + 0*n + z = 0. What is the remainder when n is divided by 10?
9
Suppose 6*w = 11*w + 4*g - 215, -5*g + 86 = 2*w. What is the remainder when w is divided by 16?
11
Suppose 13 = 4*u - 15. Suppose -8*v - 50 + 2 = 0. What is the remainder when 2 is divided by (21/v)/u*-4?
0
Suppose 4*q = 7*q - 57. What is the remainder when q is divided by 4?
3
Suppose -4*u = 3*r - 23, -2*r - 8 = u - 4*r. Suppose 2*d - 14 + 4 = -u*f, 0 = -4*f + 2*d - 10. Let x = f - -6. Calculate the remainder when 11 is divided by x.
5
Calculate the remainder when (-2)/(-3) - 32/(-6) is divided by 2.
0
Suppose -5*g = -4*g - 3*f - 23, -5*g + 65 = -5*f. What is the remainder when -1*15/(0 + -1) is divided by g?
7
Suppose 18 = 15*j - 13*j - 4*w, 0 = -4*j - 3*w + 36. Suppose 93 = 3*p - 2*s - 13, 5*p - 180 = 5*s. Calculate the remainder when p is divided by j.
7
Calculate the remainder when 33 is divided by 15*(24/20 - 4/10).
9
Let t(g) = -g**3 - 9*g**2 - 3*g - 12. Calculate the remainder when t(-9) is divided by 4.
3
Let j(v) = -v**3 - 3*v**2 - 3*v - 11. What is the remainder when j(-5) is divided by 14?
12
Suppose 0*l - 78 = -2*l. Calculate the remainder when l is divided by 14.
11
Let z(l) = l**3 + 6*l**2 - 3*l + 4. Let u = -18 + 30. What is the remainder when z(-6) is divided by u?
10
Let t = 7 - -19. Let j(h) = h**3 + 4*h**2 - 5*h + 14. What is the remainder when t is divided by j(-5)?
12
Suppose -4*j = -2*y + 8, -4*y - 11 + 1 = 5*j. Suppose 3*d + 7 = -8, 2*g - 4*d - 148 = y. Let z = 3 + 19. Calculate the remainder when g is divided by z.
20
Calculate the remainder when (-26)/(-13) - 2*3 - -22 is divided by 12.
6
What is the remainder when 36 is divided by 10/(16 - 6) + 0 + 12?
10
Suppose 0 = 56*p - 51*p - 40. What is the remainder when 29 is divided by p?
5
Let b(n) = 2*n**2 + 7*n + 1. Let z be b(-7). Let l = -27 + z. What is the remainder when l is divided by 12?
11
Suppose -6*g + 3601 = 4*z - g, -2*z + 1793 = g. Calculate the remainder when 2/(-3) + z/18 is divided by 10.
9
Let v(b) = 11*b - 51. What is the remainder when v(6) is divided by 8?
7
Suppose 0 = 2*z - 7*z + 20. What is the remainder when 6 is divided by z?
2
Let g(w) = 14*w. Let l(q) = -q**3 - 3*q**2 - 4*q - 2. Let t be l(-2). Suppose 0 = -11*x + 213 + 700. Calculate the remainder when x is divided by g(t).
27
Suppose -6*r + 28 = -2*r. Suppose 4*b = -3*v + 43 - 15, -5*v = -3*b - 8. Calculate the remainder when r is divided by v.
3
What is the remainder when (40 - -11) + -1*4 is divided by 8?
7
Let r = 104 - 48. Calculate the remainder when r is divided by 12.
8
Let o = -14 + 9. Let d be 2/(-4)*20/o. Suppose 2*v + 5 = -d*n + 33, 0 = -3*v - 2*n + 39. What is the remainder when 20 is divided by v?
9
Let m(k) = -k**2 + 19*k - 23. Calculate the remainder when m(17) is divided by 4.
3
Suppose 120 = 5*c + 2*x, 2*x + 5 = c - 7. What is the remainder when c is divided by 7?
1
Suppose -4*r + 2*k + 66 = 0, 2*k - 35 = -2*r + k. What is the remainder when 33 is divided by r?
16
Let b(x) = -x**2 + 4*x - 2 - 2 - 3*x - 13*x. Calculate the remainder when 61 is divided by b(-10).
13
What is the remainder when 5 is divided by 8/(-36) - 76/(-18)?
1
Suppose 0 = 2*p + 5*g - 21, -2*g + 7 + 1 = p. Calculate the remainder when 8 is divided by p - 0 - 14/(-2).
3
Suppose -t + 25 = 4*i, -4*i - 8 - 9 = -t. Let q be (-12)/(-20) - (-28)/(-5). Let v = q + t. What is the remainder when 47 is divided by v?
15
Let p(b) = -b**2 - 10*b + 6. Let n be p(-7). Let g = -15 + n. Let z(r) = r**2 - r - 7. What is the remainder when z(6) is divided by g?
11
Suppose 31 = 5*o - 39. What is the remainder when 40 is divided by o?
12
Let r be ((-4)/5)/((-2)/10). Suppose 0 = r*d - 40 - 28. Calculate the remainder when 50 is divided by d.
16
Let l be -2*(4 - 3)*43. Let u = l - -131. What is the remainder when u is divided by 24?
21
Let d(x) = 2*x - 27. Suppose -3*r - 60 = -5*r. Calculate the remainder when r is divided by d(19).
8
Let y(i) = -i**2 - i - 58. Let t be y(0). Let c = 0 - t. Calculate the remainder when c is divided by 10*1/2 - -15.
18
Calculate the remainder when 2/((10/16)/5) is divided by 4.
0
Let f = -78 + 156. What is the remainder when f is divided by 10?
8
Suppose 0 = -2*o + 4*b + 68, 117 + 28 = 5*o - 5*b. Suppose 0 = -0*i - 3*i + o. Calculate the remainder when 23 is divided by i.
7
Let a be 2*6/4 + 0. Suppose -a*p = -40 + 1. Calculate the remainder when p is divided by 5.
3
Suppose -2*x - 2*s = -x - 20, -15 = -3*s. What is the remainder when 7 is divided by 2/x - (-57)/15?
3
Suppose -4 = -5*u - 19. Let p(b) = -11*b - 2. Suppose 5*x = 4*z + 59, 4*z + 15 = 3*x - 2*x. Calculate the remainder when p(u) is divided by x.
9
Let g(b) = -b + 13. Let w be g(13). Suppose -u + 0*u + 44 = w. Calculate the remainder when u is divided by 15.
14
Suppose -2*y = -5*y + 2*v + 10, 2*y + 5*v - 32 = 0. Suppose 3*n + 2 = -5*q, -5*q - n = -0*n - y. Calculate the remainder when q/7 - (-19)/7 is divided by 2.
1
Let r be 9/(-2) + 6/(-4). What is the remainder when 366/18 + (-4)/r is divided by 11?
10
Let v(f) = -f**3 - 4*f**2 + 2*f + 11. Calculate the remainder when 102 is divided by v(-5).
24
Let m(k) = 15*k**2 - 2. Calculate the remainder when m(-2) is divided by 20.
18
Let x = -2 + 70. What is the remainder when x is divided by 15?
8
Suppose 0 = 2*s + 3 + 9. Let q = -4 - s. Suppose 0 = q*l + 3*l - n - 65, 2*l - 39 = 3*n. Calculate the remainder when 34 is divided by l.
10
Suppose -u = -2*h - 9, -6 = 2*h - 3*u - u. Suppose 0*b - b - 2*a + 10 = 0, -5*b + 74 = 2*a. Let q = b + h. Calculate the remainder when 32 is divided by q.
10
Suppose -3*h = 0, 3*u - 3*h - 240 = -0*u. Calculate the remainder when u is divided by 27.
26
Let m = -14 + 23. What is the remainder when 15 is divided by m?
6
Let n be 0/(-1 - 0) + 13. Suppose 5*y - n = -4*d + 3, 4*d - 32 = -y. What is the remainder when (-3)/(-5) - (-127)/5 is divided by d?
8
Let